**2 + 15*j + 74. Suppose -3*h + 30 = -4*o - 6*h, 0 = 4*o + 2*h + 28. What is the remainder when 727 is divided by t(o)?
55
Let h be 1/((2*4/(-216))/(-1)). Let p = 7 + h. Let a = 7 + -4. Calculate the remainder when p is divided by a.
1
Suppose 2*b - 214 = 5*h - 230, -2*h = -4*b + 16. What is the remainder when 1315 is divided by b?
6
Suppose -40*o + 7674 = -6806. Calculate the remainder when o is divided by 195.
167
Let x(i) = -7*i + 135. Let u be x(15). Suppose u*r - 59 = 29*r. Calculate the remainder when 184 is divided by r.
7
Suppose 0 = -15*a - 277*a - 21*a + 124574. What is the remainder when a is divided by 47?
22
Let s(k) = 904*k - 6087. Calculate the remainder when 11324 is divided by s(7).
238
Let b be 1/(39/(-33)) + (-22)/143. Calculate the remainder when 11 is divided by 3/(b*1) + (186 - 177).
5
Let p be (5/((-15)/16))/(4/(-6)). Let u = 11 + -8. Calculate the remainder when -3 - (1 + -1) - (p - 15) is divided by u.
1
Let o be (85 - -4) + 1 + 0. Suppose -44*c = -42*c - o. What is the remainder when c is divided by 14?
3
Suppose -3*d + 570 = 5*l, 0 = d + 23 - 18. Calculate the remainder when 350 is divided by l.
116
Let a = -8 + 2. Let i(l) = l**2 + l - 6. Let u(f) = 2*f**2 + 63*f + 441. What is the remainder when i(a) is divided by u(-10)?
2
Let n = -1500 + 612. Let s = 935 + n. Calculate the remainder when 82 is divided by s.
35
Let j(l) = -976*l - 8345. What is the remainder when 2197 is divided by j(-9)?
2
Let y be ((-1)/3 + 1)/(7/21). Suppose y*b = 4*i - 134, -3*b + 170 = 5*i - 6*b. What is the remainder when 276 is divided by i?
28
Let z(b) = -b**2 + 20*b + 29. Let n(r) = -10*r - 175. What is the remainder when z(20) is divided by n(-18)?
4
Let l = -771 - -877. What is the remainder when 642 is divided by l?
6
Suppose -5*x = 4*a - 119, -22*a + 133 = -17*a + 4*x. What is the remainder when 1010 is divided by a?
2
Let i(v) = -9*v - 7. Let z be i(4). Let g = -41 - z. Calculate the remainder when (g - (-4 + 3)) + 46 is divided by 13.
10
What is the remainder when 525 is divided by (-60)/70*16/(-24)*112?
13
Let z = 256 - 1093. Let q = -652 - z. What is the remainder when q is divided by 70?
45
Let i be (-253)/22 + (-1)/2. Let u = i - -15. Calculate the remainder when (-349)/(-13) - ((-41)/13 + u) is divided by 14.
13
Suppose 4*m - m + 3*d = 1308, m = d + 430. What is the remainder when m is divided by 216?
1
Let c = -19724 + 19780. What is the remainder when 2342 is divided by c?
46
Let p(n) be the second derivative of n**3/3 + 3*n**2/2 - 7*n - 1. Let o(l) = l**3 - 4*l**2 - 5*l + 1. Calculate the remainder when o(5) is divided by p(-1).
0
Suppose -36*l + 33*l + 24 = 0. Calculate the remainder when 311 is divided by l.
7
Suppose 25 = 5*w, -176*w = -3*d - 181*w + 262. Calculate the remainder when d is divided by 26.
1
Let l = 13 - 10. What is the remainder when ((-94)/4)/((-11)/22) is divided by l?
2
Let y(a) = 397*a - 6897. What is the remainder when y(18) is divided by 42/4*(-16)/(-24)?
4
Suppose -4*f + 367*h + 2630 = 372*h, -h = -3*f + 2001. Calculate the remainder when f is divided by 48.
41
Let p be (2 - (-66)/(-42))*(1562 + -1). Let m = 677 - p. Calculate the remainder when 124 is divided by m.
4
Let h be (11 - 10)*(6 + -4). Suppose 0 = -5*y - 2*q + 197 + 33, h*y - 78 = 2*q. What is the remainder when 111 is divided by y?
23
Let w = 37 - 32. Calculate the remainder when (3 - 1)*(165/6 + -10) is divided by w.
0
Suppose 14330 = -3*g - 5*l - 4687, -5*g = 4*l + 31708. Suppose 13 = -b + 25. What is the remainder when g/(-91) + 2/7 is divided by b?
10
Let r(x) = 1080*x**2 + 11*x + 8. Calculate the remainder when r(1) is divided by 91.
7
Let s(y) = -115*y**2 - 2*y + 1. Let x be s(1). Calculate the remainder when 171 is divided by x/(-6)*(15/10)/1.
26
Suppose 8*s + 20 = 18*s. Suppose 0 = -s*c - 44*x + 41*x + 44, c = -x + 21. What is the remainder when c is divided by 12?
7
Let v = 148 - -20777. Calculate the remainder when 10/(-115) - v/(-207) is divided by 43.
15
Let s be 112/32 + (-1885)/(-2). Let v = -895 + s. What is the remainder when v is divided by 40?
11
Let i be 220/60 + (-2)/(-6). Let q be -15 - (-1 + -2) - (0 - i). Let r(k) = -5*k - 13. Calculate the remainder when 134 is divided by r(q).
26
Suppose 3*x - 63 = -2*v, 0*v = 4*v + 4*x - 128. Let i(u) = u**2 + 4*u - 10. Let d be i(-6). Calculate the remainder when v is divided by (d/4)/((-11)/(-374)).
16
Suppose 0 = w + 3*x - 23, 3*w - 26 = w + 4*x. Let m = w - 12. What is the remainder when 55 is divided by (14/8)/(m/80)?
27
Let n(t) = t**3 + 5*t**2 - 16*t - 50. Let c be n(-7). What is the remainder when (-44)/(-16) + -3 - 1629/c is divided by 16?
13
Let j be -20*(68/255)/(2/(-3)). What is the remainder when ((-15)/3)/(j/(-24)) is divided by 11?
4
What is the remainder when 899 + (-32)/(14 + -6) is divided by 25?
20
Let h(u) = -11*u + 69. Let d be h(2). Let w = -21 + d. What is the remainder when (6/(-4))/(1/(-68)) is divided by w?
24
Let o(l) = l**3 + 9*l**2 - l - 6. Let x be o(-9). Suppose x*t + 4 = 28. Suppose 0 = 290*c - 222*c - 2448. What is the remainder when c is divided by t?
4
Let r(h) = -2*h**2 + h - 4. Let c be r(4). Let m = c - -50. Calculate the remainder when 34 is divided by m.
16
Let u = -5 - -8. What is the remainder when (5/(-9))/((-528)/4752) is divided by u?
2
Suppose -8*j - 46 = -x - 3*j, 5*x - 5*j - 290 = 0. Let b = x - -302. What is the remainder when b is divided by 13?
12
Suppose -3*j = r - 915, -5*r = -4*j + 1221 - 20. Calculate the remainder when j is divided by 32.
16
Let v = 67257 - 67209. Let r(m) = m**2 - 2*m + 5. What is the remainder when v is divided by r(6)?
19
What is the remainder when (-1745)/2*(1144/(-55) - -20) is divided by 63?
5
Let u = -25521 + 27852. What is the remainder when u is divided by 117?
108
Let j = 9 + -10. Let a be ((-20)/(-40))/(j - (-3)/4). What is the remainder when 53 is divided by a/3*3*(1 - 11)?
13
Let n(q) = -4*q**3 + 17*q**2 + 5*q - 43. Let j(w) = -w**3 + 6*w**2 + 2*w - 14. Let i(o) = 7*j(o) - 2*n(o). What is the remainder when i(-5) is divided by 19?
5
Let h = 354 - 539. Calculate the remainder when 39 is divided by 1/2*-5*1036/h.
11
Let b = -68 - -105. Let v(x) = 19*x - 8. Let k be v(-4). What is the remainder when (-324)/21*k/(-27)*-3 is divided by b?
33
Let d be ((-5)/(-30))/((13/18)/13). Suppose 5*h - 5*y - 970 = 0, -6*y + 978 = 5*h - d*y. What is the remainder when h is divided by 14?
13
Let i = -10522 + 11877. Calculate the remainder when i is divided by 33.
2
Let d(c) = 43*c**2 - 2*c - 1. Calculate the remainder when d(2) is divided by 22 + 5 + 3 - (20 - 18).
27
Let f(o) = -1098 + 2*o + 2203 + 13*o**2 + 3*o - 3*o - 1099. Let l(d) = -d - 1. Let r be l(-5). Calculate the remainder when f(r) is divided by 45.
42
Let r be (3/3)/(2/(-222)*-1). Let l = -98 + r. Let d(u) = -u**2 + 13*u - 2. What is the remainder when d(9) is divided by l?
8
Let b = 574 + -415. Let p = -122 + b. What is the remainder when 122 is divided by p?
11
Suppose -8 = -6*j + 2*j. Suppose j*x = -167 - 157. Let c = -90 - x. Calculate the remainder when c is divided by 25.
22
Let c(s) = -168*s - 1651. What is the remainder when c(-11) is divided by 30?
17
Suppose -22*y + 4*w - 1432 = -24*y, 5*w + 2825 = 4*y. What is the remainder when 713 is divided by y?
3
Let o(t) be the second derivative of 7*t - 1/12*t**4 - 13/2*t**2 - 2*t**3 + 0. What is the remainder when 32 is divided by o(-10)?
4
Let j = 12995 + -12072. Calculate the remainder when j is divided by 222.
35
Suppose 4*g = 9*h - 4*h + 1625, -g + 4*h + 420 = 0. Calculate the remainder when g is divided by 60.
40
Suppose -6*m + 53 + 253 = 0. Suppose -m = -n - 0*n. Suppose b + 3 = -0*b, -n = -2*c + b. Calculate the remainder when c is divided by 13.
11
Suppose 1220 = 3*h - 211. Suppose 0 = 5*s + 2*l - 7*l - 75, -4*l = s - 20. Calculate the remainder when h is divided by s.
13
Let t = 412 - 419. Let y = t + 77. What is the remainder when 209 is divided by y?
69
Let h be 41*(11 - (-7 - -11)) - -3. Let r = -3 + 6. Suppose r*k + 3*p - h = 4*p, -4*p + 472 = 5*k. Calculate the remainder when k is divided by 25.
21
Suppose 23*f - 24*f = -10. Suppose -8*g = -13*g - f, 2*z + 5*g = 20. Calculate the remainder when 194 is divided by z.
14
Suppose -49*r - 2621 + 12274 = 0. Calculate the remainder when